 3. Suppose -3*c - 2*c + 5*h = 15, -12 = -4*h. Let p = c - -3. Give f(p).
-3
Let p(i) = 2*i - 19. Let r(h) = 3*h - 29. Let u(g) = 8*p(g) - 5*r(g). Suppose -9 - 6 = -3*x. Calculate u(x).
-2
Let f(m) be the first derivative of m**3/3 - m**2/2 - m + 2. Suppose 0*o + 5*b = 2*o + 23, 0 = o + 2*b - 2. Let c = o - -4. Give f(c).
-1
Let r(t) = -t - 3. Let k(g) = 1. Let q(w) = -3*k(w) + r(w). Suppose f + 2*o - o = 0, 3*f = 2*o - 25. What is q(f)?
-1
Let g(s) = 5 - 23*s**2 + 13*s**2 + 9*s**2 - 2 - 6*s. Calculate g(-7).
-4
Let o(s) = s**3 + 5*s**2 + 4*s + 1. Let c be 2/(-6) - 7/(-3). Let x be 0 + c + (-2)/(-2). Suppose 3*p + z + 11 = -2*p, 2*z = -x*p - 1. What is o(p)?
7
Let v = 41 - 37. Let u(m) = -m**2 + m + 1. Let j(r) = -r**2. Let g(n) = -2*j(n) + 3*u(n). What is g(v)?
-1
Let r(m) = m**2 - 4*m - 1. Let q = 15 + -10. Determine r(q).
4
Let p(r) = -r**3 + 5*r**2 - 5*r + 4. Let z(j) = -j - 1. Suppose 5 = -3*d + 14. Let v be -5 + -1 + 6/d. Let h be z(v). What is p(h)?
7
Let f(s) = 6*s**2 + 2*s + 1. Suppose -3*y + 5*i = -11, 0*y - 3*i = -y + 5. Suppose y*c + 7 = -4*d - 7, 4*d - 5*c - 21 = 0. What is f(d)?
5
Let l(o) = -o**2 - 5*o + 9. Let f(y) = -y**2 - 8*y + 14. Let b(w) = -5*f(w) + 8*l(w). Determine b(2).
-10
Let x(c) = -c - 2. Let v be x(-9). Let h(m) = -2*m + 1 - 3 - 2 + v. Let g be ((-1)/2)/(3/24). Calculate h(g).
11
Let x(j) be the second derivative of -j**5/20 - 5*j**4/12 + j**3/6 + j**2/2 - j. Let y be 44/(-55) + (-42)/10. What is x(y)?
-4
Let h(o) = o**2 + 10*o + 19. Let u be h(-8). Let f(x) = -48*x + 50*x - u + 4. Let d be 10/3 - (-1)/(-3). What is f(d)?
7
Let s(c) be the second derivative of c**4/6 + c**3/6 - c**2/2 + 31*c. Give s(-3).
14
Let v(n) = 3*n + 16. Suppose -5*h - s = -4, -h - 4*s = -2*s + 1. Let z be 1 - h/((-1)/(-6)). Let m(o) = 2*o + 8. Let k(t) = z*m(t) + 3*v(t). Give k(6).
2
Let b(s) = s**3 + 5*s**2 + s + 5. Let u(x) = -x**2 - 5*x + 10. Let a be u(-7). Calculate b(a).
17
Let z(r) be the second derivative of -r**4/3 - r**2/2 + 8*r. What is z(-1)?
-5
Suppose 12 = v - 0*v. Let b = -8 + v. Let f(c) = c**2 + 5*c - c**3 - b*c**2 - c**2. Give f(-5).
0
Let o(m) = m - 4. Let w(j) be the first derivative of 2 - 1/3*j**3 + 11/2*j**2 + 16*j. Let r be w(12). What is o(r)?
0
Suppose -r = i + r - 13, -2*i + 31 = 5*r. Let f(d) = -1 + i*d**2 - 3*d**2 + 5*d**2 - 3*d**2 + 7*d**3. What is f(-1)?
-6
Let b(m) be the third derivative of 1/60*m**5 + 3*m**2 + 0*m + 0*m**3 + 0 + 0*m**4. Give b(1).
1
Let i(b) = b - 3. Let k(c) = -2*c**2 - c**2 + 3*c**2 - 3*c**3 - c**2. Let h be k(-1). Let j be 42/(-9) + h/(-6). What is i(j)?
-8
Let j(t) = t**2 + 6*t + 2. Suppose -c - 6 - 4 = 2*k, -5*k - c - 25 = 0. What is j(k)?
-3
Let p(r) = r**3 + 4*r**2 + r + 1. Let t be p(-3). Suppose -5*g = -t - 3. Suppose 3*w - w = 5*c + 30, 3*c = g*w - 22. Let o(s) = s**2 + 3*s - 2. What is o(c)?
2
Let l(p) = p**3 - 4*p**2 + p + 1. Let i(x) = x**3 - 4*x**2 - 6*x + 9. Let t be i(5). What is l(t)?
5
Let u(j) = 30*j + 10. Let d(a) = -12*a - 4. Let q(i) = 12*d(i) + 5*u(i). Give q(-3).
-16
Suppose 7 + 41 = 4*j + 4*r, 5*j - 45 = -2*r. Let u(l) = l - 10. Determine u(j).
-3
Let z(i) = -i**3 + 12*i**2 - 10*i - 8. Let m be z(11). Let g(l) = -l + 5. Calculate g(m).
2
Let r(u) = 17*u**3 + 5*u**2 - 6*u + 6. Let k(q) = -33*q**3 - 9*q**2 + 11*q - 11. Let g(c) = -6*k(c) - 11*r(c). Calculate g(-1).
-12
Let g = -6 - -6. Let r(v) = v - 4. Let w(h) = -h + 5. Let s(a) = 4*r(a) + 5*w(a). What is s(g)?
9
Let b(x) = 3 + 5*x - x - 5*x. Let y = 5 + -2. Give b(y).
0
Let s(p) = p**2 + 7*p. Let z be s(-6). Let n(t) be the first derivative of -t**4/4 - 7*t**3/3 - 3*t**2 + 3*t - 1. Give n(z).
3
Suppose -7*r + 11 = 46. Let q(z) = z**2 + 4*z. What is q(r)?
5
Let z(u) = u**3 - u**2 - u + 5. Let r be (-3)/(-12) + (-1)/4. Let y = r + -1. Let n = 1 + y. Determine z(n).
5
Let b(v) = -v**2 - 3*v - 1. Let x be ((-9)/2)/(3/(-6)). Let n = 12 - x. Suppose n*k + q = 5*q - 9, 4*k = 3*q - 12. Calculate b(k).
-1
Let n(x) = x**3 + 6*x**2 + 5. Let o(t) = -t**3 - 7*t**2 + t - 6. Let s be (-17)/(-6) - 1/(-6). Let m(b) = s*o(b) + 4*n(b). Determine m(-2).
0
Let s = -15 + 12. Let n(p) = -4*p**3 - 6*p**2 + 6*p + 3. Let z(r) = -r**3 - r**2 + r. Let t(d) = n(d) - 3*z(d). Calculate t(s).
-6
Let a(g) = g**3 - 4*g**2 - 2*g + 1. Let k be (-2)/(-1) - 15 - -3. Let r = k - -9. Let b be r - 2 - -6 - -1. What is a(b)?
-7
Let g(k) = 6*k + 3. Let b(x) = x. Suppose -2 = -2*v - 0. Let o(h) = v*g(h) - 3*b(h). Calculate o(-2).
-3
Let y(d) be the second derivative of d**5/20 - d**4/6 - d**3/3 - 3*d**2/2 - d. Suppose -3*b = -5*n + 11, -4*b + 15 = b. Let g = 7 - n. What is y(g)?
0
Let x(a) = -5*a**2 + a - 6. Let p(u) = u**2 + 1. Let w(b) = 6*p(b) + x(b). Let s be w(-1). Let c(j) = 0*j**3 + j**3 - 5*j + s + 3*j**2 - 3 - 1. Give c(-4).
0
Let t(k) = -2*k - 305*k**2 - k**3 - k**3 + 302*k**2. What is t(-2)?
8
Let q(a) = -a**2 - 2*a. Let u(w) = -6*w**2 - 14*w + 3. Let v(f) = -5*q(f) + u(f). Give v(-6).
-9
Suppose p - 2*l = -3*l - 1, -2*p - 5*l = 17. Suppose -2*x = -p*x - 10. Let w(i) = -i**2 - 4*i + 6. Calculate w(x).
1
Let j(f) = 7*f**2 + 2*f - 13. Let u(x) = 19*x**2 + 7*x - 38. Let p(q) = -8*j(q) + 3*u(q). Calculate p(-8).
14
Let z(c) = c**3 + 3*c**2 - c. Suppose 6*w - 23*w = 51. Determine z(w).
3
Let i = 4 - 4. Suppose i*r = r. Let o(d) = 1 - d**2 + 0 + 2*d**2. What is o(r)?
1
Let g(t) = -6 + t**2 - 2 + 8 + 2 - 5*t. Give g(6).
8
Suppose 4*f + 12 = -0*f. Let k(j) = j**3 + 3*j**2 + 5*j + 4. Determine k(f).
-11
Let x(j) be the first derivative of -j**3/3 - j**2 + 6*j - 12. Suppose 0*y + y = -2. Let n = y + -3. Calculate x(n).
-9
Suppose 0*d - 8 = 4*d. Let y(f) = 0*f - 4*f - 2 + 5*f + f**2 + 0*f. Calculate y(d).
0
Let h = 1 + -1. Suppose -2*q - 3*b - 7 = h, -2*q - 4 + 1 = -b. Let l(c) = -4*c**2 - c. Let d(v) = -5*v**2 - v. Let o(i) = -5*d(i) + 6*l(i). Give o(q).
6
Let j(f) be the second derivative of f**3/6 - 2*f**2 - 10*f. Calculate j(-6).
-10
Let w(f) be the third derivative of -f**8/6720 - f**7/315 - f**6/120 + f**5/20 - 7*f**4/24 + f**2. Let s(c) be the second derivative of w(c). What is s(-7)?
-1
Suppose 5*m + 2*p - 20 = 0, -4*m + 10 + 6 = -p. Suppose -8 = -u + r + m*r, 5*u = -3*r - 16. Let v(f) = -f - 2*f + 2 + 0*f. Give v(u).
8
Suppose 3*t - 4*w - 23 = w, -4*w = -2*t + 16. Let a(q) be the first derivative of q**3/3 - 9*q**2/2 + 7*q + 4. Calculate a(t).
-11
Let u(v) be the third derivative of -v**4/24 - v**3/2 + 4*v**2. Give u(4).
-7
Let j = 64 - 65. Let r(n) = -24*n - 17. Let q(p) = -3*p - 2. Let u(b) = -51*q(b) + 6*r(b). Give u(j).
-9
Let t(u) = -2*u - 3. Suppose 3*x = v - 17, -4*v + 2 = -4*x - 34. Calculate t(x).
5
Let f = 62 + -42. Let d be (-1 - -6)*24/f. Let i(k) = -k**3 + 5*k**2 + 7*k - 7. Calculate i(d).
-1
Suppose -x + 8 = -3*x + 4*k, -2*x - 5*k = -28. Let v(b) be the second derivative of 0 + 3/2*b**2 + 1/6*b**3 - 1/12*b**x - b. Determine v(3).
-3
Let r(h) = -h**3 - 2*h**2 + 2*h - 4. Let k(b) = b**2 - 10*b + 5. Let q be k(9). Let c be 14/(-6) + q/6. What is r(c)?
-1
Let j(f) = -3*f**2 + 3*f - 4. Let r(s) = 2*s**2 - s + 2. Let y(w) = 3*j(w) + 5*r(w). Let v(i) = i**2 + 4*i - 1. Let o(t) = 5*v(t) - 4*y(t). What is o(-4)?
3
Let u be (-1)/((-5)/15) + (-6)/(-2). Let g(y) = -y**2 + 6*y - 4. Give g(u).
-4
Let z = -18 + 25. Let m(g) = 7*g - 14*g**2 + 5*g**2 + z*g**2 - 5. Give m(4).
-9
Suppose 19*t + 10 = 17*t. Let v = -10 + 14. Let b(j) = v*j - j + 2*j + 2 - 4*j. Calculate b(t).
-3
Suppose -4*a - 11 = -2*a - z, -3*a - 18 = -2*z. Let x be ((-1)/2*a)/(-2). Let h(u) be the second derivative of -2*u**5/5 + u**3/6 + u**2/2 - 2*u. What is h(x)?
8
Let l(h) = -h**2 - 6*h - 2. Suppose -p + 1 = -5*i - 24, -31 = 4*i - 3*p. Determine l(i).
6
Suppose -7*v - 6 = -9*v. Let l(p) = p**2 - 3*p + 4. Calculate l(v).
4
Suppose -3 = -b + 1, -2*k - 4*b = -24. Let a(p) = p**3 - 4*p**2 + 2*p - 3. Give a(k).
5
Suppose -5*j + 5*t - 11 = 29, -5*j + t = 20. Let v be j + (-1)/1 + 3. Let g(x) = -8*x**3 - 2*x**2 - x. Calculate g(v).
7
Let v(f) be the third derivative of -f**6/24 + f**5/60 - f**4/12 + f**3/6 - 7*f**2. Let l(q) = q**3 - 5*q**2 - 6*q + 1. Let y be l(6). Give v(y).
-5
Let x(y) = 7*y**2 + 14*y - 5. Let i(u) = -11*u**2 - 21*u + 8. Let f(z) = -5*i(z) - 8*x(z). Calculate f(-6).
6
Let i = 3 - 0. Let v(t) = -4*t + t**2 - 2*t - t. Give v(i).
-12
Let k(d) = 2*d. Let r = -13 + 18.